ctors of 201183246?
2, 3, 11, 61, 16657
What are the prime factors of 83335846?
2, 11, 344363
List the prime factors of 3018206807.
7, 11, 39197491
What are the prime factors of 106430441?
13, 487, 16811
What are the prime factors of 1186498373?
29, 61, 433, 1549
List the prime factors of 19634168.
2, 53, 46307
What are the prime factors of 249496847?
19, 23, 151, 199
What are the prime factors of 155166704?
2, 7, 11, 29, 43, 101
What are the prime factors of 482369741?
7, 1409, 48907
What are the prime factors of 220990423?
577, 382999
List the prime factors of 262764856.
2, 173, 189859
What are the prime factors of 383519048?
2, 11, 17, 256363
What are the prime factors of 250012378?
2, 7, 11, 13417
List the prime factors of 61068231.
3, 7, 109, 8893
What are the prime factors of 1939655661?
3, 107, 773, 7817
What are the prime factors of 82439703?
3, 73, 179, 701
List the prime factors of 1346477057.
1346477057
What are the prime factors of 783462873?
3, 127, 2056333
List the prime factors of 47632.
2, 13, 229
What are the prime factors of 1769760102?
2, 3, 11, 26814547
What are the prime factors of 101112047?
1499, 67453
What are the prime factors of 514548534?
2, 3, 85758089
List the prime factors of 147721933.
89, 1659797
What are the prime factors of 3358575735?
3, 5, 199, 1125151
What are the prime factors of 935224207?
197, 4747331
What are the prime factors of 1477897484?
2, 7, 139, 379727
What are the prime factors of 449664051?
3, 19, 7888843
List the prime factors of 1687219088.
2, 2473, 42641
What are the prime factors of 441747179?
31, 14249909
List the prime factors of 103184530.
2, 5, 2521, 4093
List the prime factors of 453752310.
2, 3, 5, 11, 1375007
What are the prime factors of 212041641?
3, 7, 10097221
What are the prime factors of 268353971?
268353971
What are the prime factors of 36564723?
3, 13, 104173
List the prime factors of 111718136.
2, 13964767
What are the prime factors of 25614125?
5, 204913
List the prime factors of 339787471.
339787471
What are the prime factors of 157243631?
199, 790169
What are the prime factors of 171307563?
3, 7, 8157503
What are the prime factors of 4496989381?
59, 2003, 38053
What are the prime factors of 26522434?
2, 61, 217397
What are the prime factors of 92536501?
71, 1303331
List the prime factors of 14322618.
2, 3, 19, 41879
List the prime factors of 29616261.
3, 17, 580711
What are the prime factors of 95719236?
2, 3, 7976603
What are the prime factors of 4293502?
2, 23, 93337
List the prime factors of 265311256.
2, 7, 23, 29, 7103
What are the prime factors of 5672445808?
2, 354527863
List the prime factors of 902667928.
2, 521, 216571
What are the prime factors of 1842105749?
11, 211, 793669
List the prime factors of 187838597.
29, 6477193
What are the prime factors of 104179570?
2, 5, 11, 17, 55711
What are the prime factors of 353015775?
3, 5, 7, 53, 4229
List the prime factors of 5314896020.
2, 5, 7, 37963543
List the prime factors of 251354586.
2, 3, 7, 881, 6793
List the prime factors of 32938341.
3, 10979447
List the prime factors of 186891478.
2, 93445739
List the prime factors of 23228718.
2, 3, 433, 8941
What are the prime factors of 273032727?
3, 11, 8273719
List the prime factors of 1944250284.
2, 3, 809, 200273
What are the prime factors of 2447519337?
3, 3191, 85223
What are the prime factors of 271209074?
2, 239, 567383
What are the prime factors of 9522213?
3, 3174071
What are the prime factors of 4385843201?
643, 1279, 5333
List the prime factors of 48802461.
3, 17, 109, 8779
What are the prime factors of 732498154?
2, 127, 2883851
What are the prime factors of 5640533768?
2, 17, 5387, 7699
What are the prime factors of 1131561564?
2, 3, 7, 1399, 9629
List the prime factors of 327357105.
3, 5, 127, 239, 719
What are the prime factors of 92012531?
13, 191, 37057
List the prime factors of 103563583.
317, 383, 853
List the prime factors of 118786582.
2, 17, 23, 151901
What are the prime factors of 194177617?
503, 386039
What are the prime factors of 123189915?
3, 5, 8212661
List the prime factors of 808751758.
2, 19, 257, 82813
List the prime factors of 95637887.
19, 23, 89, 2459
List the prime factors of 174462405.
3, 5, 13, 29, 30851
List the prime factors of 1109616207.
3, 7, 19, 2780993
List the prime factors of 225259085.
5, 131, 241, 1427
What are the prime factors of 43515943?
43515943
What are the prime factors of 25290229?
2801, 9029
What are the prime factors of 345791674?
2, 1831, 94427
List the prime factors of 31293786.
2, 3, 37, 73, 1931
What are the prime factors of 3306971808?
2, 3, 7, 271, 6053
What are the prime factors of 1420489786?
2, 710244893
What are the prime factors of 83556182?
2, 4241, 9851
What are the prime factors of 45860909?
45860909
List the prime factors of 178600029.
3, 131, 454453
What are the prime factors of 27795896?
2, 1861, 1867
List the prime factors of 1238591714.
2, 41, 617, 24481
List the prime factors of 1686048085.
5, 709, 475613
What are the prime factors of 15295491?
3, 1699499
List the prime factors of 222481811.
19, 11709569
What are the prime factors of 867844133?
13, 19, 61, 239, 241
List the prime factors of 414378345.
3, 5, 113, 244471
List the prime factors of 364827167.
113, 3228559
List the prime factors of 301540742.
2, 4567, 33013
List the prime factors of 6011390735.
5, 7, 821, 209201
What are the prime factors of 38583930?
2, 3, 5, 7, 11, 16703
What are the prime factors of 6438840025?
5, 107, 761, 3163
What are the prime factors of 36457824?
2, 3, 13, 131, 223
What are the prime factors of 67476227?
7, 13, 23, 103, 313
What are the prime factors of 65251618?
2, 32625809
What are the prime factors of 321617499?
3, 7, 15315119
List the prime factors of 1159827518.
2, 579913759
List the prime factors of 3591801569.
89, 157, 257053
List the prime factors of 830731824.
2, 3, 13, 73, 6079
What are the prime factors of 910798257?
3, 303599419
What are the prime factors of 752591350?
2, 5, 7, 449, 4789
List the prime factors of 1437284795.
5, 37, 739, 10513
List the prime factors of 165571130.
2, 5, 19, 47, 18541
List the prime factors of 18743854.
2, 2711, 3457
What are the prime factors of 235041550?
2, 5, 107, 43933
What are the prime factors of 329009765?
5, 7, 1342897
What are the prime factors of 5509122744?
2, 3, 863, 265987
What are the prime factors of 4384071687?
3, 47, 197, 157831
List the prime factors of 83166035.
5, 16633207
What are the prime factors of 4974249242?
2, 67, 37121263
What are the prime factors of 3966182317?
67, 313, 189127
What are the prime factors of 219910449?
3, 11, 2243, 2971
What are the prime factors of 30966560?
2, 5, 193541
What are the prime factors of 41555241?
3, 7, 13, 1301
What are the prime factors of 1960024575?
3, 5, 991, 26371
List the prime factors of 844691160.
2, 3, 5, 7039093
List the prime factors of 138755008.
2, 7, 31, 97, 103
What are the prime factors of 180145529?
139, 1296011
List the prime factors of 56464181.
19, 89, 33391
What are the prime factors of 150996645?
3, 5, 41, 223, 367
List the prime factors of 316812352.
2, 37, 337, 397
List the prime factors of 199363419.
3, 59, 375449
List the prime factors of 41637469.
37, 937, 1201
List the prime factors of 710379944.
2, 88797493
List the prime factors of 19642849.
19642849
List the prime factors of 511199404.
2, 127799851
List the prime factors of 247722784.
2, 1217, 6361
List the prime factors of 32389448.
2, 7, 13, 44491
List the prime factors of 2160850575.
3, 5, 13, 23, 167, 577
List the prime factors of 4090898005.
5, 818179601
List the prime factors of 39228646.
2, 19614323
What are the prime factors of 1601657387?
11, 145605217
List the prime factors of 834227377.
101, 587, 14071
List the prime factors of 126845619.
3, 17, 229, 10861
What are the prime factors of 40599985?
5, 8119997
What are the prime factors of 941348714?
2, 470674357
What are the prime factors of 70375133?
43, 241, 6791
List the prime factors of 58816287.
3, 419, 1733
List the prime factors of 13473959.
13473959
What are the prime factors of 94668899?
13, 560171
List the prime factors of 748489863.
3, 11, 43, 173, 3049
List the prime factors of 135627742.
2, 53, 1279507
List the prime factors of 1071984245.
5, 214396